{"id":2,"date":"2017-03-09T07:03:09","date_gmt":"2017-03-09T06:03:09","guid":{"rendered":"http:\/\/mitarbeiter.fh-kaernten.at\/wolfgangeixelsberger\/?page_id=2"},"modified":"2024-06-05T06:22:18","modified_gmt":"2024-06-05T04:22:18","slug":"ueber","status":"publish","type":"page","link":"https:\/\/mitarbeiter.fh-kaernten.at\/wolfgangeixelsberger\/","title":{"rendered":"\u00dcber"},"content":{"rendered":"<p><strong>FH-Prof. Dr.techn. Wolfgang EIXELSBERGER<\/strong><\/p>\n<p>Geburtsdatum: \u00a0 4. August, 1965<br \/>\nFamilienstand: \u00a0 verheiratet, 2 Kinder<\/p>\n<p><strong>Kontaktdaten:<\/strong><br \/>\nFachhochschule K\u00e4rnten<br \/>\nEuropastrasse 4, A-9524 Villach<br \/>\n<a href=\"tel:+435905002437\">+43\u00a05 90500 2437<\/a><br \/>\n<a href=\"mailto:w.eixelsberger@fh-kaernten.at\">w.eixelsberger@fh-kaernten.at<\/a><\/p>\n<p><strong>BERUFLICHES PROFIL<\/strong><\/p>\n<p>2006 &#8211; laufend<strong><br \/>\n<\/strong><strong>Fachhochschule K\u00e4rnten, Villach, \u00d6sterreich<\/strong><b><br \/>\n<\/b>Derzeit: Position: Professur aus Digital Business<\/p>\n<p>2001 &#8211; 2006<br \/>\n<strong>UNiQUARE Financial Solutions, <\/strong>Krumpendorf, \u00d6sterreich<br \/>\nPosition: Leiter der Abteilung f\u00fcr Consulting und Produktentwicklung<\/p>\n<p>1998 &#8211; 2001<br \/>\n<strong>Cap Gemini Ernst&amp;Young,\u00a0 <\/strong>Wien, \u00d6sterreich<br \/>\nPosition: Manager<\/p>\n<p>1994 &#8211; 1998<br \/>\n<strong>ABB Corporate Research Norway<\/strong>, Oslo, Norwegen<br \/>\nPosition:\u00a0 Research Scientist<\/p>\n<p>1991\/92<br \/>\n<strong>GENESiS Hardware and Software Consulting<\/strong>, Krumpendorf, \u00d6sterreich<br \/>\nPosition: Systemanalytiker<\/p>\n<p><strong>LEHRE:<\/strong><\/p>\n<p>2006 \u2013 laufend<br \/>\nFachhochschule K\u00e4rnten (Hauptberuflich Lehrender): E-Business\/E-Commerce, Internet &amp; Webtechnologie, Digital Marketing, Gesch\u00e4ftsmodelle und Digitalisierung, Business Intelligence &amp; Big Data, E-Government, E-Governance<\/p>\n<p>2004 &#8211; 2006<br \/>\nFachhochschule K\u00e4rnten (Nebenberuflich Lehrender): Einf\u00fchrung in die IT, Gesch\u00e4ftsprozessmodellierung<\/p>\n<p><strong>HERAUSGEBER:<\/strong><\/p>\n<p>2008 \u2013 2017<br \/>\neGovernment Review (Fachjournal, zweimal j\u00e4hrlich)<\/p>\n<p><strong>SPRACHEN:<\/strong><\/p>\n<p>Englisch, Norwegisch<\/p>\n<hr \/>\n<p><strong>FH-Prof. Dr.techn. Wolfgang EIXELSBERGER<\/strong><\/p>\n<p>Birth Date: \u00a0 4. August, 1965<br \/>\nMartial Status: \u00a0 married, 2 children<\/p>\n<p><strong>Contact:<\/strong><br \/>\nCarinthia University of Applied Sciences<br \/>\nEuropastrasse 4, A-9524 Villach<br \/>\n<a href=\"tel:+435905002437\">+43\u00a05 90500 2437<\/a><br \/>\n<a href=\"mailto:w.eixelsberger@fh-kaernten.at\">w.eixelsberger@fh-kaernten.at<\/a><\/p>\n<p><strong>PROFESSIONAL PROFILE<\/strong><\/p>\n<p>2006 &#8211; current<strong><br \/>\nCarinthia University of Applied Sciences, <\/strong>Villach, Austria<br \/>\nPosition: Professor of Information Management, since 2012: Program Director for Digital Business Management, since 2018: Head of Research Group \u201cDigital Transformation Modelling\u201d, 2018 &#8211; 2019: Head of Development Team Masterprogram Digital Transformation Management<\/p>\n<p>2001 &#8211; 2006<br \/>\n<strong>UNiQUARE Financial Solutions, <\/strong>Krumpendorf, Austria<br \/>\nPosition: Head of Consulting \/ Consultant<\/p>\n<p>1998 &#8211; 2001<br \/>\n<strong>Cap Gemini Ernst&amp;Young,\u00a0 <\/strong>Vienna, Austria<br \/>\nPosition: Manager<\/p>\n<p>1994 &#8211; 1998<br \/>\n<strong>ABB Corporate Research Norway<\/strong>, Oslo, Norway<br \/>\nPosition:\u00a0 Research Scientist<\/p>\n<p>1991\/92<br \/>\n<strong>GENESiS Hardware and Software Consulting<\/strong>, Krumpendorf<br \/>\nPosition: part time system analyst<\/p>\n<p><strong>TEACHING:<\/strong><\/p>\n<p>2006 \u2013 current<br \/>\nE-Business\/E-Commerce, Internet &amp; Webtechnologie, Digital Marketing, Gesch\u00e4ftsmodelle und Digitalisierung, Business Intelligence &amp; Big Data, E-Government, E-Governance<\/p>\n<p>2004 &#8211; 2006<br \/>\nPart-time lecturer at Carinthia University of Applied Sciences<\/p>\n<p><strong>EDITOR:<\/strong><\/p>\n<p>2008 \u2013\u00a0current<br \/>\nEditor of eGovernment Review (professional journal, published biannualy in German)<\/p>\n<p><strong>LANGUAGES:<\/strong><\/p>\n<p>English, Norwegian<\/p>\n","protected":false},"excerpt":{"rendered":"<p>FH-Prof. Dr.techn. Wolfgang EIXELSBERGER Geburtsdatum: \u00a0 4. August, 1965 Familienstand: \u00a0 verheiratet, 2 Kinder Kontaktdaten: Fachhochschule K\u00e4rnten Europastrasse 4, A-9524 Villach +43\u00a05 90500 2437 w.eixelsberger@fh-kaernten.at BERUFLICHES PROFIL 2006 &#8211; laufend Fachhochschule K\u00e4rnten, Villach, \u00d6sterreich Derzeit: Position: Professur aus Digital Business<\/p>\n","protected":false},"author":3,"featured_media":0,"parent":0,"menu_order":0,"comment_status":"closed","ping_status":"closed","template":"","meta":{"footnotes":""},"class_list":["post-2","page","type-page","status-publish","hentry"],"_links":{"self":[{"href":"https:\/\/mitarbeiter.fh-kaernten.at\/wolfgangeixelsberger\/wp-json\/wp\/v2\/pages\/2","targetHints":{"allow":["GET"]}}],"collection":[{"href":"https:\/\/mitarbeiter.fh-kaernten.at\/wolfgangeixelsberger\/wp-json\/wp\/v2\/pages"}],"about":[{"href":"https:\/\/mitarbeiter.fh-kaernten.at\/wolfgangeixelsberger\/wp-json\/wp\/v2\/types\/page"}],"author":[{"embeddable":true,"href":"https:\/\/mitarbeiter.fh-kaernten.at\/wolfgangeixelsberger\/wp-json\/wp\/v2\/users\/3"}],"replies":[{"embeddable":true,"href":"https:\/\/mitarbeiter.fh-kaernten.at\/wolfgangeixelsberger\/wp-json\/wp\/v2\/comments?post=2"}],"version-history":[{"count":3,"href":"https:\/\/mitarbeiter.fh-kaernten.at\/wolfgangeixelsberger\/wp-json\/wp\/v2\/pages\/2\/revisions"}],"predecessor-version":[{"id":52,"href":"https:\/\/mitarbeiter.fh-kaernten.at\/wolfgangeixelsberger\/wp-json\/wp\/v2\/pages\/2\/revisions\/52"}],"wp:attachment":[{"href":"https:\/\/mitarbeiter.fh-kaernten.at\/wolfgangeixelsberger\/wp-json\/wp\/v2\/media?parent=2"}],"curies":[{"name":"wp","href":"https:\/\/api.w.org\/{rel}","templated":true}]}}